
109
Suppose 189*z + 10956 = 95628. Calculate the greatest common factor of z and 136.
8
Let b = -398 - -420. Let v be 1023/b*4/3. Calculate the greatest common divisor of 186 and v.
62
Let p be 24/(-18) + (-4)/(36/(-1767)). What is the highest common divisor of p and 180?
15
Let l = 7 + -25. Let j be (9/l)/(1/(-6)). Suppose 0*o + 147 = 7*o. Calculate the greatest common factor of j and o.
3
Suppose 3*r + a = 55618, -5*a + 28 - 8 = 0. What is the highest common divisor of r and 13?
13
Let w(d) = d + 7. Let m be w(-5). Suppose 2 = m*l, -7*j - 3*l = -6*j - 54. Suppose -j = -4*n + 25. What is the greatest common divisor of 76 and n?
19
Suppose v - 2*c - 690 = 4*v, -4*v - 924 = 4*c. Let r be 9/2*(-2888)/v. What is the highest common factor of 152 and r?
19
Suppose -2*a + 2247 = -793. What is the highest common factor of 160 and a?
80
Let x(t) = t + 33*t + t**2 - 4 + 17 + 2. Let z be x(-35). Calculate the greatest common factor of z and 200.
50
Let u(z) = 37*z**2 - 981*z - 50. Let d be u(42). What is the highest common factor of 16 and d?
16
Let i be 2/(-18) - (-80)/(-576)*-9980. What is the highest common divisor of 714 and i?
42
Suppose -3*b + 36 = -0*b. Let d(c) = -2*c**3 - 9*c**2 - 13*c - 72. Let i be d(-5). What is the highest common divisor of i and b?
6
Suppose -6463 = -94*z + 22489. Calculate the highest common factor of z and 3476.
44
Let h(k) = -53*k**3 - 2*k**2 - 53*k + 13. Let r be h(-9). What is the greatest common divisor of 5 and r?
5
Suppose 44*h + 53*h - 606927 = 302448. Calculate the greatest common divisor of 75 and h.
75
Suppose -7*c - 441 = -133. Let q be (c/30)/11 + (-2076)/(-45). What is the highest common divisor of 368 and q?
46
Let x = -402 - -567. Let p be (-1 - 3)/(995/x - 6). Let y = -86 - p. What is the highest common divisor of y and 2?
2
Let t(z) = 450*z - 1322. Let r be t(3). Calculate the highest common factor of r and 2786.
14
Let y be (1*2)/(-8 + 130/15). Let b be 30/25*195/y. What is the highest common factor of 6 and b?
6
Suppose 182 = z - 243. Suppose z = 9*f - 34. What is the highest common divisor of 408 and f?
51
Let h be (9684/(-3766))/(2/(-301)). What is the greatest common factor of 261 and h?
9
Let t be 0 + -5 - 2/2. Let b be 9 + 10 + t + -1*4. Let r(a) = 36*a. Let l be r(1). Calculate the highest common divisor of l and b.
9
Let j(i) = 8*i**2 - 8*i + 5. Let c be j(5). Let z be (1*(-1)/6)/((-283)/16980). What is the greatest common divisor of z and c?
5
Let z = -147 + 151. Suppose -2*l - 24 = -g, z*g - 110 = -g + 5*l. Calculate the greatest common divisor of g and 45.
5
Let g be 8/(-10)*-1455*18/108. Calculate the greatest common divisor of 25608 and g.
194
Suppose 8*s = 7952 - 1256. Suppose 466 = -7*m + s. What is the highest common factor of m and 1007?
53
Let r be (-3 - 2/(10/(-45)))/(6/1083). Calculate the highest common divisor of r and 342.
57
Let t(b) = 4*b**2 + 73*b - 15. Let r be t(-19). Let i be r/(-4)*204/119*-1. What is the highest common factor of 99 and i?
9
Let f be 4 - (10/45 + (-2)/9). Suppose 5*a + 5*w = -80, 0 = 5*a + f*w - 6 + 85. Let g be 18/3*(-35)/a. Calculate the highest common factor of g and 7.
7
Suppose -2*f + 16256 = 2*z, 410*f = 2*z + 408*f - 16280. What is the greatest common divisor of z and 498?
166
Let r be (13 - (-230)/(-15))*(-32 + -1). Suppose -3*f = -5*f. Let w(o) = -2*o + 11. Let k be w(f). What is the greatest common factor of r and k?
11
Suppose 0 = 126*r + 730 - 9802. Calculate the greatest common factor of 1896 and r.
24
Suppose 7*u - 45*u = -1520. Calculate the highest common divisor of 2290 and u.
10
Suppose 42 = 1196*x - 1193*x. Let n be ((-20)/15)/((-4)/6). Let s be n*(21/6)/1. What is the highest common divisor of x and s?
7
Let a(v) be the second derivative of 13*v**3/6 + 120*v**2 + v + 7. Let m be a(0). What is the highest common divisor of m and 30?
30
Let u(w) = -29*w - 48. Let z = -294 - -291. Let g be u(z). Calculate the highest common divisor of g and 663.
39
Suppose -2*k - 98*s + 99*s + 381 = 0, 0 = k - 2*s - 195. Suppose -5*y = -y - 216. Calculate the highest common factor of y and k.
27
Suppose 3*u - w = 351 + 25, 3*u - 379 = 4*w. What is the highest common factor of u and 500?
125
Suppose 4*j + 4*s - 72 = 0, 2*j + 3*s + 3 = 44. Suppose 0 = 7*z - 6*z - 154. Let h = z + -89. Calculate the highest common factor of h and j.
13
Let q = 3597 - 3591. Calculate the highest common factor of q and 3786.
6
Suppose 5*d = -2*s + 487, 2936 + 3693 = 67*d + s. Let g = -3 + 14. Calculate the highest common factor of g and d.
11
Suppose -1684 = -a + 4*k, 3*a - 15*k + 16*k = 5143. What is the highest common divisor of 352 and a?
16
Let j be 12 - (-371 - (-48)/8). Let r be -39*2*(-1)/3. Calculate the highest common factor of r and j.
13
Let x be (-61760)/(-720) + (-5)/(180/(-8)). Calculate the highest common factor of 43946 and x.
86
Let j be (48 - -6) + 11/((-11)/6). Calculate the greatest common factor of 25008 and j.
48
Let n be (18/36)/((-2)/(-20)). Suppose 250 = n*o - 3*k - 2*k, k = -3*o + 166. Calculate the greatest common divisor of o and 27.
27
Suppose -340*c = -334*c - 1368. What is the highest common factor of 768 and c?
12
Let l(t) = 8109*t**3 - 2*t**2 - t + 3. Let o be l(1). Suppose -17*b = -o - 1955. What is the highest common factor of b and 16?
16
Let m be (-3)/15 - (-13)/((-390)/(-6156)). Let w = m + -158. What is the greatest common divisor of 47 and w?
47
Suppose 28*j + 534 = 2718. Calculate the greatest common factor of 1534 and j.
26
Let g(c) = 10*c - 15. Let n be g(6). Let t = -264 + 303. Let y = 66 - t. What is the highest common factor of n and y?
9
Let f be ((-18)/(-1))/(4 - (-130)/(-35)). Suppose -3*z = 4*y - 241, f = -4*z + 5*z - 3*y. Calculate the greatest common divisor of z and 50.
25
Let m = 24892 - 19146. What is the highest common divisor of 26 and m?
26
Suppose -111*b + 1139 + 17065 = -29*b. What is the greatest common factor of b and 4551?
111
Suppose 179*f = 248*f - 498837 - 168738. Calculate the greatest common factor of f and 450.
225
Suppose 72 = -3*u - 2*q + 12, -2*u + q = 47. Let t be -56*(-2)/(-12)*-3. Let o = u + t. What is the greatest common divisor of o and 6?
6
Let o(l) = -17*l - 36. Let h be o(-6). Suppose 2*u + u = -15, 3*u = -3*j - h. Let w be 19 - 17 - 1*j. Calculate the highest common divisor of w and 76.
19
Suppose -2*l - 5*j - 833 = -2679, 923 = l - 5*j. Let u = 134 + -121. What is the highest common divisor of u and l?
13
Let m(o) = 123*o + 1238. Let b be m(14). Calculate the highest common divisor of b and 80.
80
Let h = 41436 + -10312. What is the highest common factor of 124 and h?
124
Let n(t) = -t**3 + 6*t**2 - 30*t + 227. Let i be n(6). Calculate the greatest common divisor of 2491 and i.
47
Let c be 0 - -2 - (27072/(-160) - 1/(-5)). What is the greatest common factor of c and 95?
19
Let i be 5/15*3 + 3 + 1. Suppose 2*v - 5*g = 124, -4*v + i*g + 51 = -217. What is the greatest common factor of v and 126?
18
Let n(p) = -1 - p + 18*p - 18*p. Let d(u) = u - 1. Let h(s) = 6*d(s) - n(s). Let l be h(5). Calculate the greatest common factor of l and 12.
6
Let o be (-214)/6*(-9282)/182. Calculate the greatest common factor of 68 and o.
17
Suppose -7*p = -3*p - 16. Suppose 3*b = 2*o - 37, 3*b = p*o - 0*b - 83. What is the greatest common factor of o and 184?
23
Suppose h - 3856 = -5*y, -18*y - 3*h = -14*y - 3098. Calculate the highest common factor of 121 and y.
11
Suppose -5*j - 5*x + 4410 = 0, 2*x = -3*j + 4348 - 1704. Calculate the greatest common divisor of 320 and j.
80
Let c = -123 - -153. Suppose 0 = -5*t + 4*a + c, -6 = -3*t + 5*a + 25. Calculate the greatest common factor of 94 and t.
2
Suppose -3*o = -v - 497, 158*o - 658 = 154*o + 2*v. What is the greatest common factor of 1932 and o?
84
Suppose 57*m - 54*m + 216 = 0. Let w = 75 + m. Let s be w/(-3)*-9 + 0. What is the greatest common factor of 6 and s?
3
Let j be 4105/35 - 2/7. Suppose 3*r + j = 2*p, 4*p + 3*r = 5*p - 63. Suppose 15087 - 6096 = 111*m. Calculate the highest common divisor of p and m.
27
Let k = 438 + -435. Suppose 0*r - k*r - 4*z + 919 = 0, 285 = r - 4*z. What is the highest common divisor of 7 and r?
7
Suppose 0*y - 30 = -y. Suppose 3*t - h = -t + 395, t = 4*h + 110. Let c = t + -83. What is the highest common factor of c and y?
15
